t is the highest common factor of 19500 and 2100?
300
What is the highest common divisor of 3687000 and 250?
250
What is the highest common factor of 124 and 35030?
62
Calculate the highest common factor of 248 and 96448.
8
What is the highest common divisor of 708 and 974444?
236
Calculate the highest common divisor of 161 and 7567.
161
What is the highest common factor of 497829 and 318?
159
Calculate the highest common factor of 17397226 and 11.
11
Calculate the greatest common divisor of 153 and 87414.
51
Calculate the greatest common factor of 60914 and 2519.
229
Calculate the highest common factor of 3552 and 55344.
48
What is the highest common factor of 1887 and 21981?
51
What is the greatest common divisor of 122584 and 6776?
616
What is the highest common divisor of 4728 and 1364028?
2364
Calculate the greatest common factor of 6 and 68066.
2
Calculate the greatest common divisor of 217 and 5887.
7
What is the highest common factor of 479 and 207407?
479
Calculate the highest common divisor of 177 and 27624.
3
Calculate the greatest common divisor of 185 and 3219.
37
What is the highest common divisor of 32277 and 8268?
159
Calculate the greatest common divisor of 13340 and 119480.
580
What is the greatest common factor of 55 and 190410?
55
Calculate the greatest common factor of 24 and 303672.
24
What is the greatest common divisor of 140273 and 2639?
203
Calculate the greatest common factor of 198 and 96371.
11
Calculate the highest common factor of 259261 and 535.
107
Calculate the highest common divisor of 59647 and 21.
7
What is the greatest common divisor of 5248 and 6109?
41
What is the highest common factor of 6910 and 20?
10
What is the greatest common factor of 11931 and 98277?
123
What is the highest common divisor of 412 and 19055?
103
What is the highest common divisor of 2774739 and 132?
33
Calculate the greatest common factor of 42950 and 6400.
50
What is the highest common factor of 1016 and 132842?
254
Calculate the greatest common divisor of 5265 and 120055.
65
Calculate the greatest common factor of 954 and 28514.
106
Calculate the greatest common factor of 100 and 26620.
20
What is the greatest common factor of 2119 and 28561?
13
What is the highest common divisor of 214 and 447581?
107
What is the highest common divisor of 281778 and 1176?
42
What is the highest common factor of 76109 and 22?
11
What is the greatest common factor of 21666 and 2208?
138
What is the greatest common divisor of 195 and 49515?
15
What is the highest common factor of 1760 and 1453056?
352
Calculate the greatest common factor of 18 and 3057138.
18
Calculate the greatest common divisor of 20 and 147320.
20
What is the greatest common divisor of 1200 and 1053120?
240
Calculate the highest common factor of 508 and 135001.
127
What is the greatest common factor of 198142 and 112?
14
Calculate the greatest common factor of 12795 and 165.
15
What is the highest common divisor of 2671431 and 21?
21
What is the greatest common divisor of 15 and 788565?
15
What is the highest common divisor of 104232 and 96?
24
What is the highest common divisor of 216742 and 7675?
307
Calculate the highest common divisor of 329478 and 534.
534
Calculate the highest common factor of 867 and 24.
3
What is the highest common factor of 707092 and 473?
43
Calculate the highest common factor of 37101 and 144.
3
What is the highest common factor of 298 and 26?
2
Calculate the greatest common factor of 150 and 9030.
30
What is the greatest common factor of 92351 and 395?
79
What is the greatest common divisor of 182 and 28301?
91
What is the greatest common factor of 22 and 179696?
22
Calculate the greatest common divisor of 67370 and 1.
1
What is the greatest common factor of 40374 and 26?
2
Calculate the greatest common factor of 2541 and 2937.
33
Calculate the highest common factor of 418478 and 178.
178
Calculate the highest common factor of 454185 and 405.
45
Calculate the greatest common factor of 1769 and 89426.
61
Calculate the highest common divisor of 146 and 1158802.
146
What is the highest common divisor of 12288 and 204?
12
What is the greatest common factor of 57789 and 27?
9
Calculate the highest common factor of 6854 and 11771.
149
What is the highest common divisor of 4496 and 954838?
562
Calculate the highest common divisor of 2592 and 86688.
288
Calculate the highest common divisor of 41612 and 11742.
206
What is the greatest common factor of 10 and 53695?
5
What is the greatest common divisor of 72 and 23454?
18
What is the greatest common divisor of 6647 and 230?
23
What is the highest common factor of 56949 and 246?
123
Calculate the highest common factor of 1221 and 7095.
33
Calculate the greatest common factor of 108 and 57972.
12
Calculate the highest common factor of 12 and 1088.
4
What is the greatest common factor of 4915 and 65?
5
Calculate the greatest common factor of 57 and 82.
1
What is the greatest common divisor of 84 and 4529910?
42
What is the highest common factor of 400 and 242200?
200
What is the greatest common divisor of 14 and 67900?
14
What is the greatest common divisor of 959 and 189?
7
Calculate the greatest common factor of 6966 and 3225.
129
Calculate the highest common factor of 580954 and 11.
11
What is the highest common factor of 35160 and 216?
24
What is the highest common divisor of 4571 and 14?
7
What is the greatest common factor of 1115 and 7705?
5
What is the highest common factor of 294076 and 5772?
148
What is the greatest common divisor of 44 and 1078748?
44
Calculate the highest common divisor of 157663 and 605.
121
Calculate the highest common factor of 64 and 930880.
64
Calculate the highest common divisor of 45414 and 537138.
1566
What is the greatest common factor of 6812 and 416?
52
Calculate the highest common divisor of 146 and 107894.
146
What is the highest common factor of 2995 and 365989?
599
Calculate the greatest common divisor of 172319 and 7.
7
What is the highest common divisor of 126 and 59283?
63
What is the highest common factor of 223718 and 209?
11
Calculate the highest common divisor of 972 and 3736.
4
Calculate the highest common divisor of 46939 and 511.
73
What is the greatest common divisor of 17805 and 15?
15
What is the highest common divisor of 1885 and 1820?
65
Calculate the greatest common divisor of 416 and 939068.
52
Calculate the greatest common factor of 4660 and 20.
20
What is the greatest common factor of 11325 and 87375?
75
Calculate the greatest common factor of 1498 and 8346.
214
Calculate the greatest common factor of 2947398 and 549.
183
What is the highest common divisor of 14664 and 18096?
312
Calculate the greatest common factor of 912 and 52782.
114
Calculate the highest common divisor of 112119 and 562.
281
What is the greatest common factor of 45 and 617805?
45
What is the highest common divisor of 1007 and 4427?
19
Calculate the greatest common divisor of 237888 and 1134.
126
Calculate the greatest common factor of 10920 and 1596.
84
Calculate the greatest common factor of 274 and 56307.
137
Calculate the greatest common factor of 38050 and 450.
50
Calculate the highest common factor of 11460 and 43140.
60
What is the highest common factor of 370944 and 238?
14
Calculate the greatest common factor of 420 and 5068.
28
Calculate the highest common factor of 4758 and 6630.
78
Calculate the highest common factor of 97 and 165773.
97
What is the highest common factor of 120 and 32640?
120
Calculate the greatest common factor of 930 and 148830.
30
What is the greatest common factor of 14774 and 24742?
178
What is the greatest common factor of 111755 and 465?
155
What is the greatest common divisor of 348 and 3835308?
348
What is the highest common divisor of 523697 and 172?
43
What is the greatest common divisor of 1799 and 399?
7
Calculate the highest common divisor of 1880 and 27824.
376
Calculate the highest common factor of 86110 and 1635.
545
Calculate the greatest common factor of 2331 and 31626.
63
What is the greatest common factor of 75 and 1010505?
15
What is the greatest common factor of 1952 and 1777784?
488
Calculate the highest common divisor of 1560 and 1318590.
390
What is the greatest common divisor of 1026 and 898992?
54
What is the greatest 